{"id":594,"date":"2026-01-21T16:27:48","date_gmt":"2026-01-21T16:27:48","guid":{"rendered":"https:\/\/puraenergia.es\/?page_id=594"},"modified":"2026-01-30T10:19:03","modified_gmt":"2026-01-30T10:19:03","slug":"home-3","status":"publish","type":"page","link":"https:\/\/puraenergia.es\/","title":{"rendered":"Home"},"content":{"rendered":"\t\t<div data-elementor-type=\"wp-page\" data-elementor-id=\"594\" class=\"elementor elementor-594\">\n\t\t\t\t<div class=\"elementor-element elementor-element-7426c920 e-flex e-con-boxed e-con e-parent\" data-id=\"7426c920\" data-element_type=\"container\" data-settings=\"{&quot;background_background&quot;:&quot;video&quot;,&quot;background_video_link&quot;:&quot;http:\\\/\\\/puraenergia.es\\\/wp-content\\\/uploads\\\/2025\\\/03\\\/14588487-uhd_2560_1440_30fps-1.mp4&quot;,&quot;background_play_on_mobile&quot;:&quot;yes&quot;}\">\n\t\t\t\t\t<div class=\"e-con-inner\">\n\t\t<div class=\"elementor-background-video-container\" aria-hidden=\"true\">\n\t\t\t\t\t\t\t<video class=\"elementor-background-video-hosted\" autoplay muted playsinline loop><\/video>\n\t\t\t\t\t<\/div>\t\t<div class=\"elementor-element elementor-element-4a0fd027 elementor-widget elementor-widget-heading\" data-id=\"4a0fd027\" data-element_type=\"widget\" data-widget_type=\"heading.default\">\n\t\t\t\t\t<h1 class=\"elementor-heading-title elementor-size-default\">Asesor\u00eda energ\u00e9tica para empresas<br><\/h1>\t\t\t\t<\/div>\n\t\t\t\t<div class=\"elementor-element elementor-element-a9df287 elementor-widget elementor-widget-spacer\" data-id=\"a9df287\" data-element_type=\"widget\" data-widget_type=\"spacer.default\">\n\t\t\t\t\t\t\t<div class=\"elementor-spacer\">\n\t\t\t<div class=\"elementor-spacer-inner\"><\/div>\n\t\t<\/div>\n\t\t\t\t\t\t<\/div>\n\t\t\t\t<div class=\"elementor-element elementor-element-505bff5e elementor-widget elementor-widget-heading\" data-id=\"505bff5e\" data-element_type=\"widget\" data-widget_type=\"heading.default\">\n\t\t\t\t\t<h5 class=\"elementor-heading-title elementor-size-default\">Soluciones claras. Resultados reales. Energ\u00eda Pura<\/h5>\t\t\t\t<\/div>\n\t\t\t\t<div class=\"elementor-element elementor-element-d65df8f elementor-widget elementor-widget-spacer\" data-id=\"d65df8f\" data-element_type=\"widget\" data-widget_type=\"spacer.default\">\n\t\t\t\t\t\t\t<div class=\"elementor-spacer\">\n\t\t\t<div class=\"elementor-spacer-inner\"><\/div>\n\t\t<\/div>\n\t\t\t\t\t\t<\/div>\n\t\t\t\t<div class=\"elementor-element elementor-element-4b7c188d elementor-align-center elementor-widget elementor-widget-button\" data-id=\"4b7c188d\" data-element_type=\"widget\" data-widget_type=\"button.default\">\n\t\t\t\t\t\t\t\t\t\t<a class=\"elementor-button elementor-button-link elementor-size-sm\" href=\"https:\/\/puraenergia.es\/?page_id=2\">\n\t\t\t\t\t\t<span class=\"elementor-button-content-wrapper\">\n\t\t\t\t\t\t\t\t\t<span class=\"elementor-button-text\">Ahorra<\/span>\n\t\t\t\t\t<\/span>\n\t\t\t\t\t<\/a>\n\t\t\t\t\t\t\t\t<\/div>\n\t\t\t\t\t<\/div>\n\t\t\t\t<\/div>\n\t\t<div class=\"elementor-element elementor-element-3034535b e-con-full e-flex e-con e-parent\" data-id=\"3034535b\" data-element_type=\"container\">\n\t\t<div class=\"elementor-element elementor-element-6a263b30 e-con-full e-flex e-con e-child\" data-id=\"6a263b30\" data-element_type=\"container\">\n\t\t\t\t<div class=\"elementor-element elementor-element-39b4cc8f elementor-widget elementor-widget-heading\" data-id=\"39b4cc8f\" data-element_type=\"widget\" data-widget_type=\"heading.default\">\n\t\t\t\t\t<h2 class=\"elementor-heading-title elementor-size-default\">Pura Energ\u00eda<\/h2>\t\t\t\t<\/div>\n\t\t\t\t<div class=\"elementor-element elementor-element-2ef045f7 elementor-widget__width-initial elementor-widget elementor-widget-heading\" data-id=\"2ef045f7\" data-element_type=\"widget\" data-widget_type=\"heading.default\">\n\t\t\t\t\t<h5 class=\"elementor-heading-title elementor-size-default\">Nuestra histora <u>juntos<\/u><\/h5>\t\t\t\t<\/div>\n\t\t\t\t<div class=\"elementor-element elementor-element-6cca1cbf elementor-widget elementor-widget-text-editor\" data-id=\"6cca1cbf\" data-element_type=\"widget\" data-widget_type=\"text-editor.default\">\n\t\t\t\t\t\t\t\t\t<p>Pura Energ\u00eda nace en 2017 con una idea clara: ofrecer a las empresas un <b>servicio energ\u00e9tico personalizado, honesto y basado en el an\u00e1lisis real de cada caso.<\/b><\/p><p><span style=\"font-size: 1rem;\">A lo largo de estos a\u00f1os hemos acompa\u00f1ado a empresas de distintos sectores, ayud\u00e1ndolas a optimizar su consumo energ\u00e9tico, reducir costes y tomar decisiones informadas, siempre desde la transparencia y el rigor t\u00e9cnico.<\/span><\/p><p><span style=\"font-size: 1rem;\">Hoy, en Pura Energ\u00eda, seguimos fieles al mismo compromiso con el que empezamos:<\/span><\/p><p><b>escuchar, analizar y proponer la mejor soluci\u00f3n energ\u00e9ti<\/b>ca para cada empresa, con total confianza.<\/p>\t\t\t\t\t\t\t\t<\/div>\n\t\t\t\t<\/div>\n\t\t<div class=\"elementor-element elementor-element-5b47e6ab e-con-full e-flex e-con e-child\" data-id=\"5b47e6ab\" data-element_type=\"container\">\n\t\t\t\t<div class=\"elementor-element elementor-element-3f9683f3 elementor-widget elementor-widget-image\" data-id=\"3f9683f3\" data-element_type=\"widget\" data-widget_type=\"image.default\">\n\t\t\t\t\t\t\t\t\t\t\t\t\t\t\t<img fetchpriority=\"high\" decoding=\"async\" width=\"2560\" height=\"1710\" src=\"https:\/\/puraenergia.es\/wp-content\/uploads\/2025\/05\/puraenergia5-1-scaled.jpg\" class=\"attachment-full size-full wp-image-462\" alt=\"\" srcset=\"https:\/\/puraenergia.es\/wp-content\/uploads\/2025\/05\/puraenergia5-1-scaled.jpg 2560w, https:\/\/puraenergia.es\/wp-content\/uploads\/2025\/05\/puraenergia5-1-300x200.jpg 300w, https:\/\/puraenergia.es\/wp-content\/uploads\/2025\/05\/puraenergia5-1-1024x684.jpg 1024w, https:\/\/puraenergia.es\/wp-content\/uploads\/2025\/05\/puraenergia5-1-768x513.jpg 768w, https:\/\/puraenergia.es\/wp-content\/uploads\/2025\/05\/puraenergia5-1-1536x1026.jpg 1536w, https:\/\/puraenergia.es\/wp-content\/uploads\/2025\/05\/puraenergia5-1-2048x1368.jpg 2048w\" sizes=\"(max-width: 2560px) 100vw, 2560px\" \/>\t\t\t\t\t\t\t\t\t\t\t\t\t\t\t<\/div>\n\t\t\t\t<\/div>\n\t\t\t\t<\/div>\n\t\t<div class=\"elementor-element elementor-element-a0f57ec e-con-full e-flex e-con e-parent\" data-id=\"a0f57ec\" data-element_type=\"container\">\n\t\t\t\t<div class=\"elementor-element elementor-element-49b32ff7 elementor-widget elementor-widget-heading\" data-id=\"49b32ff7\" data-element_type=\"widget\" data-widget_type=\"heading.default\">\n\t\t\t\t\t<h2 class=\"elementor-heading-title elementor-size-default\">Nuestros Colaboradores<\/h2>\t\t\t\t<\/div>\n\t\t\t\t<div class=\"elementor-element elementor-element-11e7e80 elementor-widget-divider--view-line elementor-widget elementor-widget-divider\" data-id=\"11e7e80\" data-element_type=\"widget\" data-widget_type=\"divider.default\">\n\t\t\t\t\t\t\t<div class=\"elementor-divider\">\n\t\t\t<span class=\"elementor-divider-separator\">\n\t\t\t\t\t\t<\/span>\n\t\t<\/div>\n\t\t\t\t\t\t<\/div>\n\t\t\t\t<div class=\"elementor-element elementor-element-e24b885 elementor-widget elementor-widget-image\" data-id=\"e24b885\" data-element_type=\"widget\" data-widget_type=\"image.default\">\n\t\t\t\t\t\t\t\t\t\t\t\t\t\t\t<img decoding=\"async\" width=\"768\" height=\"425\" src=\"https:\/\/puraenergia.es\/wp-content\/uploads\/2025\/05\/partnerspuraenergia-768x425.jpg\" class=\"attachment-medium_large size-medium_large wp-image-463\" alt=\"\" srcset=\"https:\/\/puraenergia.es\/wp-content\/uploads\/2025\/05\/partnerspuraenergia-768x425.jpg 768w, https:\/\/puraenergia.es\/wp-content\/uploads\/2025\/05\/partnerspuraenergia-300x166.jpg 300w, https:\/\/puraenergia.es\/wp-content\/uploads\/2025\/05\/partnerspuraenergia-1024x566.jpg 1024w, https:\/\/puraenergia.es\/wp-content\/uploads\/2025\/05\/partnerspuraenergia-1024x566-730x403.jpg 730w, https:\/\/puraenergia.es\/wp-content\/uploads\/2025\/05\/partnerspuraenergia.jpg 1147w\" sizes=\"(max-width: 768px) 100vw, 768px\" \/>\t\t\t\t\t\t\t\t\t\t\t\t\t\t\t<\/div>\n\t\t\t\t<\/div>\n\t\t<div class=\"elementor-element elementor-element-294cc845 e-con-full e-flex e-con e-parent\" data-id=\"294cc845\" data-element_type=\"container\" data-settings=\"{&quot;background_background&quot;:&quot;classic&quot;}\">\n\t\t\t\t<div class=\"elementor-element elementor-element-5358ca67 elementor-widget elementor-widget-heading\" data-id=\"5358ca67\" data-element_type=\"widget\" data-widget_type=\"heading.default\">\n\t\t\t\t\t<h2 class=\"elementor-heading-title elementor-size-default\">Nuestros Servicios<\/h2>\t\t\t\t<\/div>\n\t\t\t\t<div class=\"elementor-element elementor-element-151f62bb elementor-widget elementor-widget-image-carousel\" data-id=\"151f62bb\" data-element_type=\"widget\" data-settings=\"{&quot;slides_to_show&quot;:&quot;6&quot;,&quot;slides_to_show_tablet&quot;:&quot;3&quot;,&quot;navigation&quot;:&quot;none&quot;,&quot;pause_on_hover&quot;:&quot;no&quot;,&quot;pause_on_interaction&quot;:&quot;no&quot;,&quot;image_spacing_custom&quot;:{&quot;unit&quot;:&quot;px&quot;,&quot;size&quot;:&quot;55&quot;,&quot;sizes&quot;:[]},&quot;slides_to_scroll_tablet&quot;:&quot;1&quot;,&quot;slides_to_show_mobile&quot;:&quot;1&quot;,&quot;autoplay&quot;:&quot;yes&quot;,&quot;autoplay_speed&quot;:5000,&quot;infinite&quot;:&quot;yes&quot;,&quot;speed&quot;:500,&quot;image_spacing_custom_tablet&quot;:{&quot;unit&quot;:&quot;px&quot;,&quot;size&quot;:&quot;&quot;,&quot;sizes&quot;:[]}}\" data-widget_type=\"image-carousel.default\">\n\t\t\t\t\t\t\t<div class=\"elementor-image-carousel-wrapper swiper\" role=\"region\" aria-roledescription=\"carousel\" aria-label=\"Carrusel de im\u00e1genes\" dir=\"ltr\">\n\t\t\t<div class=\"elementor-image-carousel swiper-wrapper\" aria-live=\"off\">\n\t\t\t\t\t\t\t\t<div class=\"swiper-slide\" role=\"group\" aria-roledescription=\"slide\" aria-label=\"1 de 5\"><figure class=\"swiper-slide-inner\"><img decoding=\"async\" class=\"swiper-slide-image\" src=\"https:\/\/puraenergia.es\/wp-content\/uploads\/2025\/05\/puraenergia5-5-scaled.jpg\" alt=\"(Bater\u00edas)\nIntegramos bater\u00edas de \u00faltima generaci\u00f3n para que aproveches al m\u00e1ximo la energ\u00eda que produces. Gana independencia energ\u00e9tica, reduce tu dependencia de la red y asegura suministro incluso en momentos de mayor demanda.\" \/><figcaption class=\"elementor-image-carousel-caption\">&#x1f50b;  Bater\u00edas Almacenamiento<\/figcaption><\/figure><\/div><div class=\"swiper-slide\" role=\"group\" aria-roledescription=\"slide\" aria-label=\"2 de 5\"><figure class=\"swiper-slide-inner\"><img decoding=\"async\" class=\"swiper-slide-image\" src=\"https:\/\/puraenergia.es\/wp-content\/uploads\/2025\/05\/travel-3265966_1280-1.jpg\" alt=\"(LEDs y otras soluciones)\nModernizamos tus instalaciones con iluminaci\u00f3n LED y soluciones energ\u00e9ticas inteligentes que reducen el consumo sin perder confort ni rendimiento. M\u00e1s eficiencia, menos costes y una gesti\u00f3n energ\u00e9tica optimizada.\" \/><figcaption class=\"elementor-image-carousel-caption\">&#x1f4a1;      Eficiencia Lum\u00ednica<\/figcaption><\/figure><\/div><div class=\"swiper-slide\" role=\"group\" aria-roledescription=\"slide\" aria-label=\"3 de 5\"><figure class=\"swiper-slide-inner\"><img decoding=\"async\" class=\"swiper-slide-image\" src=\"https:\/\/puraenergia.es\/wp-content\/uploads\/2025\/05\/sunrise-3579931_1280.jpg\" alt=\"(Fotovoltaica y autoconsumo)\nDise\u00f1amos e instalamos sistemas de autoconsumo solar adaptados a cada cliente. Optimizamos la producci\u00f3n energ\u00e9tica para que reduzcas tu factura desde el primer d\u00eda, con soluciones eficientes, duraderas y totalmente personalizadas.\" \/><figcaption class=\"elementor-image-carousel-caption\">&#x2600;&#xfe0f; Energ\u00eda Solar Inteligente<\/figcaption><\/figure><\/div><div class=\"swiper-slide\" role=\"group\" aria-roledescription=\"slide\" aria-label=\"4 de 5\"><figure class=\"swiper-slide-inner\"><img decoding=\"async\" class=\"swiper-slide-image\" src=\"https:\/\/puraenergia.es\/wp-content\/uploads\/2025\/05\/pexels-pixapexel-28884704-1-scaled.jpg\" alt=\"&#x26a1; Cargadores El\u00e9ctricos\" \/><figcaption class=\"elementor-image-carousel-caption\">&#x26a1; Cargadores El\u00e9ctricos<\/figcaption><\/figure><\/div><div class=\"swiper-slide\" role=\"group\" aria-roledescription=\"slide\" aria-label=\"5 de 5\"><figure class=\"swiper-slide-inner\"><img decoding=\"async\" class=\"swiper-slide-image\" src=\"https:\/\/puraenergia.es\/wp-content\/uploads\/2025\/03\/pexels-asphotograpy-95916-scaled.jpg\" alt=\"&#x1f4c8;  Asesoramiento Energ\u00e9tico\" \/><figcaption class=\"elementor-image-carousel-caption\">&#x1f4c8;  Asesoramiento Energ\u00e9tico<\/figcaption><\/figure><\/div>\t\t\t<\/div>\n\t\t\t\t\t\t\t\n\t\t\t\t\t\t\t\t\t<\/div>\n\t\t\t\t\t\t<\/div>\n\t\t\t\t<\/div>\n\t\t<div class=\"elementor-element elementor-element-10ab63b e-con-full e-flex e-con e-parent\" data-id=\"10ab63b\" data-element_type=\"container\">\n\t\t\t\t<div class=\"elementor-element elementor-element-7a079370 elementor-widget elementor-widget-heading\" data-id=\"7a079370\" data-element_type=\"widget\" data-widget_type=\"heading.default\">\n\t\t\t\t\t<h2 class=\"elementor-heading-title elementor-size-default\">Testimonios<\/h2>\t\t\t\t<\/div>\n\t\t<div class=\"elementor-element elementor-element-15da63c3 e-con-full e-flex e-con e-child\" data-id=\"15da63c3\" data-element_type=\"container\">\n\t\t\t\t<div class=\"elementor-element elementor-element-5a8649bb elementor-widget elementor-widget-testimonial\" data-id=\"5a8649bb\" data-element_type=\"widget\" data-widget_type=\"testimonial.default\">\n\t\t\t\t\t\t\t<div class=\"elementor-testimonial-wrapper\">\n\t\t\t\t\t\t\t<div class=\"elementor-testimonial-content\">\u201c\u201cGracias al asesoramiento de Pura Energ\u00eda hemos conseguido optimizar nuestro consumo y reducir costes de forma clara. Nos ofrecieron soluciones adaptadas a nuestras necesidades reales y nos acompa\u00f1aron en todo el proceso. Un equipo serio y muy profesional.\u201d<\/div>\n\t\t\t\n\t\t\t\t\t\t<div class=\"elementor-testimonial-meta elementor-has-image elementor-testimonial-image-position-aside\">\n\t\t\t\t<div class=\"elementor-testimonial-meta-inner\">\n\t\t\t\t\t\t\t\t\t\t\t<div class=\"elementor-testimonial-image\">\n\t\t\t\t\t\t\t<img decoding=\"async\" width=\"63\" height=\"63\" src=\"https:\/\/puraenergia.es\/wp-content\/uploads\/2026\/01\/63x63.jpg\" class=\"attachment-full size-full wp-image-595\" alt=\"\" \/>\t\t\t\t\t\t<\/div>\n\t\t\t\t\t\n\t\t\t\t\t\t\t\t\t\t<div class=\"elementor-testimonial-details\">\n\t\t\t\t\t\t\t\t\t\t\t\t\t\t<div class=\"elementor-testimonial-name\">Carlos M. \u2014 Director de Operaciones, empresa industrial<\/div>\n\t\t\t\t\t\t\t\t\t\t\t\t\t\t\t\t\t\t\t<\/div>\n\t\t\t\t\t\t\t\t\t<\/div>\n\t\t\t<\/div>\n\t\t\t\t\t<\/div>\n\t\t\t\t\t\t<\/div>\n\t\t\t\t<div class=\"elementor-element elementor-element-2843eab7 elementor-widget elementor-widget-testimonial\" data-id=\"2843eab7\" data-element_type=\"widget\" data-widget_type=\"testimonial.default\">\n\t\t\t\t\t\t\t<div class=\"elementor-testimonial-wrapper\">\n\t\t\t\t\t\t\t<div class=\"elementor-testimonial-content\">\u201cBusc\u00e1bamos una forma de controlar mejor nuestro gasto energ\u00e9tico y Pura Energ\u00eda nos ayud\u00f3 a tomar decisiones basadas en datos. La mejora en eficiencia ha sido notable y el trato ha sido cercano y transparente desde el primer d\u00eda.\u201d<\/div>\n\t\t\t\n\t\t\t\t\t\t<div class=\"elementor-testimonial-meta elementor-has-image elementor-testimonial-image-position-aside\">\n\t\t\t\t<div class=\"elementor-testimonial-meta-inner\">\n\t\t\t\t\t\t\t\t\t\t\t<div class=\"elementor-testimonial-image\">\n\t\t\t\t\t\t\t<img decoding=\"async\" width=\"63\" height=\"63\" src=\"https:\/\/puraenergia.es\/wp-content\/uploads\/2026\/01\/63x63.jpg\" class=\"attachment-full size-full wp-image-595\" alt=\"\" \/>\t\t\t\t\t\t<\/div>\n\t\t\t\t\t\n\t\t\t\t\t\t\t\t\t\t<div class=\"elementor-testimonial-details\">\n\t\t\t\t\t\t\t\t\t\t\t\t\t\t<div class=\"elementor-testimonial-name\">Laura G. \u2014 Gerente, Cadena de comercios<\/div>\n\t\t\t\t\t\t\t\t\t\t\t\t\t\t\t\t\t\t\t<\/div>\n\t\t\t\t\t\t\t\t\t<\/div>\n\t\t\t<\/div>\n\t\t\t\t\t<\/div>\n\t\t\t\t\t\t<\/div>\n\t\t\t\t<div class=\"elementor-element elementor-element-207e2b43 elementor-widget elementor-widget-testimonial\" data-id=\"207e2b43\" data-element_type=\"widget\" data-widget_type=\"testimonial.default\">\n\t\t\t\t\t\t\t<div class=\"elementor-testimonial-wrapper\">\n\t\t\t\t\t\t\t<div class=\"elementor-testimonial-content\">\u201cEl an\u00e1lisis que realiz\u00f3 Pura Energ\u00eda nos permiti\u00f3 detectar ineficiencias que no ten\u00edamos identificadas. A\u00f1adimos varias mejoras y los resultados se notaron r\u00e1pidamente. Destaco su capacidad de adaptaci\u00f3n y su enfoque pr\u00e1ctico.\u201d<\/div>\n\t\t\t\n\t\t\t\t\t\t<div class=\"elementor-testimonial-meta elementor-has-image elementor-testimonial-image-position-aside\">\n\t\t\t\t<div class=\"elementor-testimonial-meta-inner\">\n\t\t\t\t\t\t\t\t\t\t\t<div class=\"elementor-testimonial-image\">\n\t\t\t\t\t\t\t<img decoding=\"async\" width=\"63\" height=\"63\" src=\"https:\/\/puraenergia.es\/wp-content\/uploads\/2026\/01\/63x63.jpg\" class=\"attachment-full size-full wp-image-595\" alt=\"\" \/>\t\t\t\t\t\t<\/div>\n\t\t\t\t\t\n\t\t\t\t\t\t\t\t\t\t<div class=\"elementor-testimonial-details\">\n\t\t\t\t\t\t\t\t\t\t\t\t\t\t<div class=\"elementor-testimonial-name\">Javier R.. \u2014 Responsable de mantenimiento, empresa Log\u00edstica<\/div>\n\t\t\t\t\t\t\t\t\t\t\t\t\t\t\t\t\t\t\t<\/div>\n\t\t\t\t\t\t\t\t\t<\/div>\n\t\t\t<\/div>\n\t\t\t\t\t<\/div>\n\t\t\t\t\t\t<\/div>\n\t\t\t\t<\/div>\n\t\t\t\t<\/div>\n\t\t<div class=\"elementor-element elementor-element-466e6448 e-con-full e-flex e-con e-parent\" data-id=\"466e6448\" data-element_type=\"container\" data-settings=\"{&quot;background_background&quot;:&quot;classic&quot;}\">\n\t\t<div class=\"elementor-element elementor-element-64baf2cb e-con-full e-flex e-con e-child\" data-id=\"64baf2cb\" data-element_type=\"container\">\n\t\t\t\t<div class=\"elementor-element elementor-element-439cd7c4 elementor-widget elementor-widget-heading\" data-id=\"439cd7c4\" data-element_type=\"widget\" data-widget_type=\"heading.default\">\n\t\t\t\t\t<h2 class=\"elementor-heading-title elementor-size-default\">Nuestros Proyectos<\/h2>\t\t\t\t<\/div>\n\t\t\t\t<\/div>\n\t\t<div class=\"elementor-element elementor-element-5a16065 e-con-full e-flex e-con e-child\" data-id=\"5a16065\" data-element_type=\"container\">\n\t\t\t\t<div class=\"elementor-element elementor-element-15f5d1e1 elementor-widget elementor-widget-image\" data-id=\"15f5d1e1\" data-element_type=\"widget\" data-widget_type=\"image.default\">\n\t\t\t\t\t\t\t\t\t\t\t\t\t\t\t<img loading=\"lazy\" decoding=\"async\" width=\"2560\" height=\"1707\" src=\"https:\/\/puraenergia.es\/wp-content\/uploads\/2026\/01\/proyecto-scaled.jpg\" class=\"attachment-full size-full wp-image-692\" alt=\"\" srcset=\"https:\/\/puraenergia.es\/wp-content\/uploads\/2026\/01\/proyecto-scaled.jpg 2560w, https:\/\/puraenergia.es\/wp-content\/uploads\/2026\/01\/proyecto-300x200.jpg 300w, https:\/\/puraenergia.es\/wp-content\/uploads\/2026\/01\/proyecto-1024x683.jpg 1024w, https:\/\/puraenergia.es\/wp-content\/uploads\/2026\/01\/proyecto-768x512.jpg 768w, https:\/\/puraenergia.es\/wp-content\/uploads\/2026\/01\/proyecto-1536x1024.jpg 1536w, https:\/\/puraenergia.es\/wp-content\/uploads\/2026\/01\/proyecto-2048x1365.jpg 2048w\" sizes=\"(max-width: 2560px) 100vw, 2560px\" \/>\t\t\t\t\t\t\t\t\t\t\t\t\t\t\t<\/div>\n\t\t\t\t<\/div>\n\t\t\t\t<\/div>\n\t\t\t\t<\/div>\n\t\t","protected":false},"excerpt":{"rendered":"<p>Asesor\u00eda energ\u00e9tica para empresas Soluciones claras. Resultados reales. Energ\u00eda Pura Ahorra Pura Energ\u00eda Nuestra histora juntos Pura Energ\u00eda nace en 2017 con una idea clara: ofrecer a las empresas un servicio energ\u00e9tico personalizado, honesto y basado en el an\u00e1lisis real de cada caso. A lo largo de estos a\u00f1os hemos acompa\u00f1ado a empresas de distintos [&hellip;]<\/p>\n","protected":false},"author":1,"featured_media":598,"parent":0,"menu_order":0,"comment_status":"closed","ping_status":"closed","template":"elementor_header_footer","meta":{"footnotes":""},"class_list":["post-594","page","type-page","status-publish","has-post-thumbnail","hentry"],"_links":{"self":[{"href":"https:\/\/puraenergia.es\/index.php?rest_route=\/wp\/v2\/pages\/594","targetHints":{"allow":["GET"]}}],"collection":[{"href":"https:\/\/puraenergia.es\/index.php?rest_route=\/wp\/v2\/pages"}],"about":[{"href":"https:\/\/puraenergia.es\/index.php?rest_route=\/wp\/v2\/types\/page"}],"author":[{"embeddable":true,"href":"https:\/\/puraenergia.es\/index.php?rest_route=\/wp\/v2\/users\/1"}],"replies":[{"embeddable":true,"href":"https:\/\/puraenergia.es\/index.php?rest_route=%2Fwp%2Fv2%2Fcomments&post=594"}],"version-history":[{"count":79,"href":"https:\/\/puraenergia.es\/index.php?rest_route=\/wp\/v2\/pages\/594\/revisions"}],"predecessor-version":[{"id":710,"href":"https:\/\/puraenergia.es\/index.php?rest_route=\/wp\/v2\/pages\/594\/revisions\/710"}],"wp:featuredmedia":[{"embeddable":true,"href":"https:\/\/puraenergia.es\/index.php?rest_route=\/wp\/v2\/media\/598"}],"wp:attachment":[{"href":"https:\/\/puraenergia.es\/index.php?rest_route=%2Fwp%2Fv2%2Fmedia&parent=594"}],"curies":[{"name":"wp","href":"https:\/\/api.w.org\/{rel}","templated":true}]}}